{"id":10462,"date":"2022-01-11T13:13:32","date_gmt":"2022-01-11T13:13:32","guid":{"rendered":"https:\/\/vertex.fi\/g4\/?page_id=10462"},"modified":"2022-11-30T12:39:17","modified_gmt":"2022-11-30T12:39:17","slug":"e-kirja","status":"publish","type":"page","link":"https:\/\/vertex.fi\/g4\/e-kirja\/","title":{"rendered":"E-kirja: Miten edist\u00e4\u00e4 kone- ja laitevalmistajien kilpailukyky\u00e4"},"content":{"rendered":"<p>[et_pb_section fb_built=&#8221;1&#8243; admin_label=&#8221;Hero&#8221; _builder_version=&#8221;4.16&#8243; use_background_color_gradient=&#8221;on&#8221; background_color_gradient_type=&#8221;circular&#8221; background_color_gradient_direction_radial=&#8221;top left&#8221; background_color_gradient_stops=&#8221;rgba(40,40,40,0.77) 0%|rgba(40,40,40,0.81) 100%&#8221; background_color_gradient_overlays_image=&#8221;on&#8221; background_color_gradient_start=&#8221;rgba(40,40,40,0.77)&#8221; background_color_gradient_end=&#8221;rgba(40,40,40,0.81)&#8221; background_image=&#8221;https:\/\/vertex.fi\/g4\/wp-content\/uploads\/sites\/4\/2022\/01\/e-kirja-image-vaalea.png&#8221; background_blend=&#8221;lighten&#8221; custom_margin=&#8221;0px||||false&#8221; custom_margin_tablet=&#8221;&#8221; custom_margin_phone=&#8221;0px||&#8221; custom_margin_last_edited=&#8221;on|desktop&#8221; custom_padding=&#8221;10vw||10vw||true|false&#8221; global_colors_info=&#8221;{}&#8221;][et_pb_row column_structure=&#8221;2_3,1_3&#8243; _builder_version=&#8221;4.16&#8243; background_color=&#8221;rgba(0,0,0,0.4)&#8221; custom_padding=&#8221;16px|24px|16px|24px|false|false&#8221; global_colors_info=&#8221;{}&#8221;][et_pb_column type=&#8221;2_3&#8243; _builder_version=&#8221;4.16&#8243; custom_padding=&#8221;|||&#8221; global_colors_info=&#8221;{}&#8221; custom_padding__hover=&#8221;|||&#8221;][et_pb_text content_tablet=&#8221;<\/p>\n<p><strong>Ilmainen E-kirja<\/strong><\/p>\n<h1>Miten edist\u00e4\u00e4 kone- ja laitevalmistajien kilpailukyky\u00e4<\/h1>\n<p>&#8221; content_phone=&#8221;<\/p>\n<p><strong>Ilmainen E-kirja<\/strong><\/p>\n<h1>Miten edist\u00e4\u00e4 kone- ja laitevalmistajien kilpailukyky\u00e4<\/h1>\n<p>&#8221; content_last_edited=&#8221;on|phone&#8221; _builder_version=&#8221;4.17.1&#8243; text_font=&#8221;||||||||&#8221; header_font=&#8221;Rubik|700|||||||&#8221; header_font_size=&#8221;50px&#8221; header_line_height=&#8221;1.1em&#8221; background_layout=&#8221;dark&#8221; max_width=&#8221;800px&#8221; custom_margin=&#8221;||0px|&#8221; custom_padding=&#8221;|||16px&#8221; text_font_size_tablet=&#8221;14px&#8221; text_font_size_last_edited=&#8221;off|desktop&#8221; header_font_size_tablet=&#8221;44px&#8221; header_font_size_phone=&#8221;33px&#8221; header_font_size_last_edited=&#8221;on|desktop&#8221; border_color_all=&#8221;#0C71C3&#8243; border_width_left=&#8221;10px&#8221; global_colors_info=&#8221;{}&#8221;]<\/p>\n<p><strong>Ilmainen E-kirja<\/strong><\/p>\n<h1>Miten edist\u00e4\u00e4 kone- ja laitevalmistajien kilpailukyky\u00e4<\/h1>\n<p>[\/et_pb_text][et_pb_text _builder_version=&#8221;4.16&#8243; text_font=&#8221;||||||||&#8221; text_font_size=&#8221;16px&#8221; text_line_height=&#8221;1.6em&#8221; header_font=&#8221;||||||||&#8221; background_layout=&#8221;dark&#8221; max_width=&#8221;800px&#8221; custom_margin=&#8221;|||&#8221; custom_padding=&#8221;0px||0px||true|&#8221; text_font_size_tablet=&#8221;16px&#8221; text_font_size_phone=&#8221;14px&#8221; text_font_size_last_edited=&#8221;on|desktop&#8221; global_colors_info=&#8221;{}&#8221;]<\/p>\n<p>&nbsp;<\/p>\n<p>Tulevaisuus haastaa my\u00f6s suomalaisen konepajateollisuuden. Miten vastata muutoshaasteisiin ja pysy\u00e4 kilpailukyisen\u00e4 yh\u00e4 monipuolisempaa osaamista vaativien tuotteiden kanssa?<\/p>\n<p>[\/et_pb_text][\/et_pb_column][et_pb_column type=&#8221;1_3&#8243; _builder_version=&#8221;4.16&#8243; custom_padding=&#8221;|||&#8221; global_colors_info=&#8221;{}&#8221; custom_padding__hover=&#8221;|||&#8221;][\/et_pb_column][\/et_pb_row][\/et_pb_section][et_pb_section fb_built=&#8221;1&#8243; admin_label=&#8221;Project Details&#8221; _builder_version=&#8221;4.16&#8243; custom_padding=&#8221;5px||5px||true&#8221; global_colors_info=&#8221;{}&#8221;][et_pb_row column_structure=&#8221;1_2,1_2&#8243; make_equal=&#8221;on&#8221; _builder_version=&#8221;4.16&#8243; global_colors_info=&#8221;{}&#8221;][et_pb_column type=&#8221;1_2&#8243; _builder_version=&#8221;4.16&#8243; custom_padding=&#8221;|||&#8221; global_colors_info=&#8221;{}&#8221; custom_padding__hover=&#8221;|||&#8221;][et_pb_image src=&#8221;https:\/\/vertex.fi\/g4\/wp-content\/uploads\/sites\/4\/2022\/01\/featured-image-tiny.png&#8221; title_text=&#8221;featured image tiny&#8221; align_tablet=&#8221;center&#8221; align_phone=&#8221;&#8221; align_last_edited=&#8221;on|desktop&#8221; _builder_version=&#8221;4.16&#8243; global_colors_info=&#8221;{}&#8221;][\/et_pb_image][\/et_pb_column][et_pb_column type=&#8221;1_2&#8243; _builder_version=&#8221;4.16&#8243; custom_padding=&#8221;|||&#8221; custom_css_main_element=&#8221;margin: auto;&#8221; global_colors_info=&#8221;{}&#8221; custom_padding__hover=&#8221;|||&#8221;][et_pb_text _builder_version=&#8221;4.16&#8243; text_font=&#8221;||||||||&#8221; text_font_size=&#8221;15px&#8221; text_line_height=&#8221;1.8em&#8221; custom_padding=&#8221;|||&#8221; custom_padding_tablet=&#8221;|40px||40px||true&#8221; custom_padding_last_edited=&#8221;off|desktop&#8221; locked=&#8221;off&#8221; global_colors_info=&#8221;{}&#8221;]<\/p>\n<p><strong>E-kirjan sis\u00e4lt\u00f6<br \/> <\/strong><\/p>\n<p><strong><\/strong><\/p>\n<ul>\n<li>Nykyp\u00e4iv\u00e4n mekaniikka-ala hy\u00f6tyy oikein valituista ohjelmistoista<\/li>\n<li>Tuotetietojen tehokas hallinta s\u00e4\u00e4st\u00e4\u00e4 aikaa<\/li>\n<li>Tuotetieto apuna tuotteen koko elinkaaressa<\/li>\n<li>Case Study: Molok Oy | Rakkaalla lapsella ei ole montaa nimikett\u00e4<\/li>\n<li>Tuoteautomaatio purkaa pullonkauloja<\/li>\n<li>Suunnitteluautomaatti nopeuttaa konepajan toimintaa<\/li>\n<li>Case Study: Champion Door Oy | Myynnin ty\u00f6kaluilla kohti parempaa katetta<\/li>\n<li>Suunnitteluty\u00f6kalu tuo osaajat yhteen<\/li>\n<li>Integraatiolla selkeytt\u00e4 prosesseihin<\/li>\n<li>Digitaalinen kaksonen &#8211; fyysist\u00e4 velje\u00e4\u00e4n fiksumpi<\/li>\n<li>Case Study: Koja Oy | Kansainv\u00e4lisen yrityksen kasvulle tuotetiedonhallinta on elinehto<\/li>\n<li>Tuotetiedonhallinta ja projektiraportointi j\u00e4rjestykseen<\/li>\n<\/ul>\n<p>[\/et_pb_text][\/et_pb_column][\/et_pb_row][et_pb_row _builder_version=&#8221;4.16&#8243; _module_preset=&#8221;default&#8221; global_colors_info=&#8221;{}&#8221;][et_pb_column type=&#8221;4_4&#8243; _builder_version=&#8221;4.16&#8243; _module_preset=&#8221;default&#8221; global_colors_info=&#8221;{}&#8221;][et_pb_button button_text=&#8221;Lataa&#8221; _builder_version=&#8221;4.17.1&#8243; _module_preset=&#8221;default&#8221; button_url=&#8221;https:\/\/vertex.fi\/e-kirjat\/&#8221; button_alignment=&#8221;center&#8221; custom_button=&#8221;on&#8221; button_text_color=&#8221;#FFFFFF&#8221; button_bg_color=&#8221;#0C71C3&#8243; button_bg_enable_color=&#8221;on&#8221; button_border_width=&#8221;0px&#8221; button_border_radius=&#8221;0px&#8221; hover_enabled=&#8221;0&#8243; sticky_enabled=&#8221;0&#8243;][\/et_pb_button][\/et_pb_column][\/et_pb_row][\/et_pb_section]<\/p>\n","protected":false},"excerpt":{"rendered":"<p>Ilmainen E-kirja Miten edist\u00e4\u00e4 kone- ja laitevalmistajien kilpailukyky\u00e4&nbsp; Tulevaisuus haastaa my\u00f6s suomalaisen konepajateollisuuden. Miten vastata muutoshaasteisiin ja pysy\u00e4 kilpailukyisen\u00e4 yh\u00e4 monipuolisempaa osaamista vaativien tuotteiden kanssa?E-kirjan sis\u00e4lt\u00f6 Nykyp\u00e4iv\u00e4n mekaniikka-ala hy\u00f6tyy oikein valituista ohjelmistoista Tuotetietojen tehokas hallinta s\u00e4\u00e4st\u00e4\u00e4 aikaa Tuotetieto apuna tuotteen koko elinkaaressa Case Study: Molok Oy | Rakkaalla lapsella ei ole montaa nimikett\u00e4 Tuoteautomaatio purkaa [&hellip;]<\/p>\n","protected":false},"author":5,"featured_media":0,"parent":0,"menu_order":0,"comment_status":"closed","ping_status":"closed","template":"","meta":{"_et_pb_use_builder":"on","_et_pb_old_content":"","_et_gb_content_width":"","sfsi_plus_gutenberg_text_before_share":"","sfsi_plus_gutenberg_show_text_before_share":"","sfsi_plus_gutenberg_icon_type":"","sfsi_plus_gutenberg_icon_alignemt":"","sfsi_plus_gutenburg_max_per_row":""},"yoast_head":"<!-- This site is optimized with the Yoast SEO plugin v18.6 - https:\/\/yoast.com\/wordpress\/plugins\/seo\/ -->\n<title>E-kirja: Miten edist\u00e4\u00e4 kone- ja laitevalmistajien kilpailukyky\u00e4 - Vertex G4<\/title>\n<meta name=\"robots\" content=\"index, follow, max-snippet:-1, max-image-preview:large, max-video-preview:-1\" \/>\n<link rel=\"canonical\" href=\"https:\/\/vertex.fi\/g4\/e-kirja\/\" \/>\n<meta property=\"og:locale\" content=\"en_US\" \/>\n<meta property=\"og:type\" content=\"article\" \/>\n<meta property=\"og:title\" content=\"E-kirja: Miten edist\u00e4\u00e4 kone- ja laitevalmistajien kilpailukyky\u00e4 - Vertex G4\" \/>\n<meta property=\"og:description\" content=\"Ilmainen E-kirja Miten edist\u00e4\u00e4 kone- ja laitevalmistajien kilpailukyky\u00e4&nbsp; Tulevaisuus haastaa my\u00f6s suomalaisen konepajateollisuuden. Miten vastata muutoshaasteisiin ja pysy\u00e4 kilpailukyisen\u00e4 yh\u00e4 monipuolisempaa osaamista vaativien tuotteiden kanssa?E-kirjan sis\u00e4lt\u00f6 Nykyp\u00e4iv\u00e4n mekaniikka-ala hy\u00f6tyy oikein valituista ohjelmistoista Tuotetietojen tehokas hallinta s\u00e4\u00e4st\u00e4\u00e4 aikaa Tuotetieto apuna tuotteen koko elinkaaressa Case Study: Molok Oy | Rakkaalla lapsella ei ole montaa nimikett\u00e4 Tuoteautomaatio purkaa [&hellip;]\" \/>\n<meta property=\"og:url\" content=\"https:\/\/vertex.fi\/g4\/e-kirja\/\" \/>\n<meta property=\"og:site_name\" content=\"Vertex G4\" \/>\n<meta property=\"article:modified_time\" content=\"2022-11-30T12:39:17+00:00\" \/>\n<meta name=\"twitter:card\" content=\"summary_large_image\" \/>\n<meta name=\"twitter:label1\" content=\"Est. reading time\" \/>\n\t<meta name=\"twitter:data1\" content=\"3 minutes\" \/>\n<script type=\"application\/ld+json\" class=\"yoast-schema-graph\">{\"@context\":\"https:\/\/schema.org\",\"@graph\":[{\"@type\":\"WebSite\",\"@id\":\"https:\/\/vertex.fi\/g4\/#website\",\"url\":\"https:\/\/vertex.fi\/g4\/\",\"name\":\"Vertex G4\",\"description\":\"Mekaniikkasuunnitteluohjelmisto\",\"potentialAction\":[{\"@type\":\"SearchAction\",\"target\":{\"@type\":\"EntryPoint\",\"urlTemplate\":\"https:\/\/vertex.fi\/g4\/?s={search_term_string}\"},\"query-input\":\"required name=search_term_string\"}],\"inLanguage\":\"en-US\"},{\"@type\":\"WebPage\",\"@id\":\"https:\/\/vertex.fi\/g4\/e-kirja\/#webpage\",\"url\":\"https:\/\/vertex.fi\/g4\/e-kirja\/\",\"name\":\"E-kirja: Miten edist\u00e4\u00e4 kone- ja laitevalmistajien kilpailukyky\u00e4 - Vertex G4\",\"isPartOf\":{\"@id\":\"https:\/\/vertex.fi\/g4\/#website\"},\"datePublished\":\"2022-01-11T13:13:32+00:00\",\"dateModified\":\"2022-11-30T12:39:17+00:00\",\"breadcrumb\":{\"@id\":\"https:\/\/vertex.fi\/g4\/e-kirja\/#breadcrumb\"},\"inLanguage\":\"en-US\",\"potentialAction\":[{\"@type\":\"ReadAction\",\"target\":[\"https:\/\/vertex.fi\/g4\/e-kirja\/\"]}]},{\"@type\":\"BreadcrumbList\",\"@id\":\"https:\/\/vertex.fi\/g4\/e-kirja\/#breadcrumb\",\"itemListElement\":[{\"@type\":\"ListItem\",\"position\":1,\"name\":\"Home\",\"item\":\"https:\/\/vertex.fi\/g4\/\"},{\"@type\":\"ListItem\",\"position\":2,\"name\":\"E-kirja: Miten edist\u00e4\u00e4 kone- ja laitevalmistajien kilpailukyky\u00e4\"}]}]}<\/script>\n<!-- \/ Yoast SEO plugin. -->","yoast_head_json":{"title":"E-kirja: Miten edist\u00e4\u00e4 kone- ja laitevalmistajien kilpailukyky\u00e4 - Vertex G4","robots":{"index":"index","follow":"follow","max-snippet":"max-snippet:-1","max-image-preview":"max-image-preview:large","max-video-preview":"max-video-preview:-1"},"canonical":"https:\/\/vertex.fi\/g4\/e-kirja\/","og_locale":"en_US","og_type":"article","og_title":"E-kirja: Miten edist\u00e4\u00e4 kone- ja laitevalmistajien kilpailukyky\u00e4 - Vertex G4","og_description":"Ilmainen E-kirja Miten edist\u00e4\u00e4 kone- ja laitevalmistajien kilpailukyky\u00e4&nbsp; Tulevaisuus haastaa my\u00f6s suomalaisen konepajateollisuuden. Miten vastata muutoshaasteisiin ja pysy\u00e4 kilpailukyisen\u00e4 yh\u00e4 monipuolisempaa osaamista vaativien tuotteiden kanssa?E-kirjan sis\u00e4lt\u00f6 Nykyp\u00e4iv\u00e4n mekaniikka-ala hy\u00f6tyy oikein valituista ohjelmistoista Tuotetietojen tehokas hallinta s\u00e4\u00e4st\u00e4\u00e4 aikaa Tuotetieto apuna tuotteen koko elinkaaressa Case Study: Molok Oy | Rakkaalla lapsella ei ole montaa nimikett\u00e4 Tuoteautomaatio purkaa [&hellip;]","og_url":"https:\/\/vertex.fi\/g4\/e-kirja\/","og_site_name":"Vertex G4","article_modified_time":"2022-11-30T12:39:17+00:00","twitter_card":"summary_large_image","twitter_misc":{"Est. reading time":"3 minutes"},"schema":{"@context":"https:\/\/schema.org","@graph":[{"@type":"WebSite","@id":"https:\/\/vertex.fi\/g4\/#website","url":"https:\/\/vertex.fi\/g4\/","name":"Vertex G4","description":"Mekaniikkasuunnitteluohjelmisto","potentialAction":[{"@type":"SearchAction","target":{"@type":"EntryPoint","urlTemplate":"https:\/\/vertex.fi\/g4\/?s={search_term_string}"},"query-input":"required name=search_term_string"}],"inLanguage":"en-US"},{"@type":"WebPage","@id":"https:\/\/vertex.fi\/g4\/e-kirja\/#webpage","url":"https:\/\/vertex.fi\/g4\/e-kirja\/","name":"E-kirja: Miten edist\u00e4\u00e4 kone- ja laitevalmistajien kilpailukyky\u00e4 - Vertex G4","isPartOf":{"@id":"https:\/\/vertex.fi\/g4\/#website"},"datePublished":"2022-01-11T13:13:32+00:00","dateModified":"2022-11-30T12:39:17+00:00","breadcrumb":{"@id":"https:\/\/vertex.fi\/g4\/e-kirja\/#breadcrumb"},"inLanguage":"en-US","potentialAction":[{"@type":"ReadAction","target":["https:\/\/vertex.fi\/g4\/e-kirja\/"]}]},{"@type":"BreadcrumbList","@id":"https:\/\/vertex.fi\/g4\/e-kirja\/#breadcrumb","itemListElement":[{"@type":"ListItem","position":1,"name":"Home","item":"https:\/\/vertex.fi\/g4\/"},{"@type":"ListItem","position":2,"name":"E-kirja: Miten edist\u00e4\u00e4 kone- ja laitevalmistajien kilpailukyky\u00e4"}]}]}},"_links":{"self":[{"href":"https:\/\/vertex.fi\/g4\/wp-json\/wp\/v2\/pages\/10462"}],"collection":[{"href":"https:\/\/vertex.fi\/g4\/wp-json\/wp\/v2\/pages"}],"about":[{"href":"https:\/\/vertex.fi\/g4\/wp-json\/wp\/v2\/types\/page"}],"author":[{"embeddable":true,"href":"https:\/\/vertex.fi\/g4\/wp-json\/wp\/v2\/users\/5"}],"replies":[{"embeddable":true,"href":"https:\/\/vertex.fi\/g4\/wp-json\/wp\/v2\/comments?post=10462"}],"version-history":[{"count":6,"href":"https:\/\/vertex.fi\/g4\/wp-json\/wp\/v2\/pages\/10462\/revisions"}],"predecessor-version":[{"id":10948,"href":"https:\/\/vertex.fi\/g4\/wp-json\/wp\/v2\/pages\/10462\/revisions\/10948"}],"wp:attachment":[{"href":"https:\/\/vertex.fi\/g4\/wp-json\/wp\/v2\/media?parent=10462"}],"curies":[{"name":"wp","href":"https:\/\/api.w.org\/{rel}","templated":true}]}}