{"id":11410,"date":"2024-02-09T11:28:10","date_gmt":"2024-02-09T11:28:10","guid":{"rendered":"https:\/\/vertex.fi\/g4\/?page_id=11410"},"modified":"2025-05-15T09:59:15","modified_gmt":"2025-05-15T09:59:15","slug":"automatisoi-itse-tuotteesi-suunnittelu","status":"publish","type":"page","link":"https:\/\/vertex.fi\/g4\/automatisoi-itse-tuotteesi-suunnittelu\/","title":{"rendered":"Automatisoi itse tuotteesi suunnittelu"},"content":{"rendered":"<p>[et_pb_section fb_built=&#8221;1&#8243; admin_label=&#8221;Hero&#8221; _builder_version=&#8221;4.23.1&#8243; use_background_color_gradient=&#8221;on&#8221; background_color_gradient_type=&#8221;circular&#8221; background_color_gradient_direction_radial=&#8221;top left&#8221; background_color_gradient_stops=&#8221;rgba(40,40,40,0.77) 0%|rgba(40,40,40,0.81) 100%&#8221; background_color_gradient_overlays_image=&#8221;on&#8221; background_color_gradient_start=&#8221;rgba(40,40,40,0.77)&#8221; background_color_gradient_end=&#8221;rgba(40,40,40,0.81)&#8221; background_image=&#8221;https:\/\/vertex.fi\/g4\/wp-content\/uploads\/sites\/4\/2024\/04\/suunnittelun-automatisointi-paakuva4.png&#8221; background_blend=&#8221;lighten&#8221; background_enable_video_mp4=&#8221;off&#8221; height=&#8221;620px&#8221; custom_margin=&#8221;0px||||false&#8221; custom_margin_tablet=&#8221;&#8221; custom_margin_phone=&#8221;0px||&#8221; custom_margin_last_edited=&#8221;on|desktop&#8221; custom_padding=&#8221;10vw||10vw||true|false&#8221; background_last_edited=&#8221;on|desktop&#8221; global_colors_info=&#8221;{}&#8221;][et_pb_row column_structure=&#8221;2_3,1_3&#8243; _builder_version=&#8221;4.16&#8243; background_color=&#8221;rgba(0,0,0,0.4)&#8221; custom_padding=&#8221;16px|24px|16px|24px|false|false&#8221; global_colors_info=&#8221;{}&#8221;][et_pb_column type=&#8221;2_3&#8243; _builder_version=&#8221;4.16&#8243; custom_padding=&#8221;|||&#8221; global_colors_info=&#8221;{}&#8221; custom_padding__hover=&#8221;|||&#8221;][et_pb_text content_tablet=&#8221;<\/p>\n<h1><span>Hy\u00f6dynn\u00e4 suunnittelun automatisoinnin edut<br \/> <\/span><\/h1>\n<p>&#8221; content_phone=&#8221;<\/p>\n<h1><span>Hy\u00f6dynn\u00e4 suunnittelun automatisoinnin edut<br \/><\/span><\/h1>\n<p>&#8221; content_last_edited=&#8221;on|phone&#8221; _builder_version=&#8221;4.23.1&#8243; text_font=&#8221;||||||||&#8221; header_font=&#8221;Rubik|700|||||||&#8221; header_font_size=&#8221;50px&#8221; header_line_height=&#8221;1.1em&#8221; background_layout=&#8221;dark&#8221; max_width=&#8221;800px&#8221; custom_margin=&#8221;||0px|&#8221; custom_padding=&#8221;10px||6px|16px|false|false&#8221; text_font_size_tablet=&#8221;14px&#8221; text_font_size_last_edited=&#8221;off|desktop&#8221; header_font_tablet=&#8221;Rubik|700|||||||&#8221; header_font_phone=&#8221;Rubik|700|||||||&#8221; header_font_last_edited=&#8221;on|phone&#8221; header_font_size_tablet=&#8221;44px&#8221; header_font_size_phone=&#8221;20px&#8221; header_font_size_last_edited=&#8221;on|desktop&#8221; border_color_all=&#8221;#EE1D25&#8243; border_width_left=&#8221;10px&#8221; border_color_left=&#8221;#005c9d&#8221; global_colors_info=&#8221;{}&#8221;]<\/p>\n<h1><span style=\"color: #ffffff;\">Automatisoi itse tuotteesi suunnittelu<br \/><\/span><\/h1>\n<p>[\/et_pb_text][et_pb_text content_tablet=&#8221;<\/p>\n<h2 class=%22et_pb_module_header et-fb-editable-element et-fb-editable-element__editing%22 data-shortcode-id=%220.0-1605787173876%22 data-quickaccess-id=%22title%22>Vertex G4 mekaniikkasuunnitteluohjelmisto<\/h2>\n<p>&#8221; content_phone=&#8221;<\/p>\n<h3>Vertex G4 tuotekonfigurointi<\/h3>\n<p>&#8221; content_last_edited=&#8221;on|phone&#8221; _builder_version=&#8221;4.23.1&#8243; text_font=&#8221;||||||||&#8221; text_font_size=&#8221;16px&#8221; text_line_height=&#8221;1.6em&#8221; header_font=&#8221;||||||||&#8221; background_layout=&#8221;dark&#8221; max_width=&#8221;800px&#8221; custom_margin=&#8221;15px|||28px|false|false&#8221; custom_padding=&#8221;0px||0px||true|&#8221; text_font_size_tablet=&#8221;16px&#8221; text_font_size_phone=&#8221;14px&#8221; text_font_size_last_edited=&#8221;on|desktop&#8221; header_3_font_size_tablet=&#8221;&#8221; header_3_font_size_phone=&#8221;16px&#8221; header_3_font_size_last_edited=&#8221;on|phone&#8221; global_colors_info=&#8221;{}&#8221;]<\/p>\n<h2 class=\"et_pb_module_header et-fb-editable-element et-fb-editable-element__editing\" data-shortcode-id=\"0.0-1605787173876\" data-quickaccess-id=\"title\">Hy\u00f6dynn\u00e4 Vertexin vakio-ominaisuuksia tuotteesi suunnittelun automatisoimiseksi<\/h2>\n<p>&nbsp;<\/p>\n<p>[\/et_pb_text][et_pb_button button_url=&#8221;https:\/\/vertex.fi\/yritys\/#otayhteytta&#8221; button_text=&#8221;Varaa esittely&#8221; _builder_version=&#8221;4.23.1&#8243; _module_preset=&#8221;default&#8221; custom_button=&#8221;on&#8221; button_text_color=&#8221;#FFFFFF&#8221; button_bg_color=&#8221;#0C71C3&#8243; button_border_width=&#8221;0px&#8221; button_border_radius=&#8221;0px&#8221; global_colors_info=&#8221;{}&#8221;][\/et_pb_button][\/et_pb_column][et_pb_column type=&#8221;1_3&#8243; _builder_version=&#8221;4.16&#8243; custom_padding=&#8221;|||&#8221; global_colors_info=&#8221;{}&#8221; custom_padding__hover=&#8221;|||&#8221;][et_pb_image src=&#8221;https:\/\/vertex.fi\/g4\/wp-content\/uploads\/sites\/4\/2022\/04\/TehtySuomProducerad_ValkNega_rgb_PIENI-1.png&#8221; alt=&#8221;Vertex kotimainen suomalainen ohjelmisto&#8221; title_text=&#8221;TehtySuomProducerad_ValkNega_rgb_PIENI&#8221; align=&#8221;right&#8221; src_tablet=&#8221;https:\/\/vertex.fi\/g4\/wp-content\/uploads\/sites\/4\/2022\/04\/TehtySuomProducerad_ValkNega_rgb_PIENI-1.png&#8221; src_phone=&#8221;https:\/\/vertex.fi\/g4\/wp-content\/uploads\/sites\/4\/2022\/04\/TehtySuomProducerad_ValkNega_rgb_PIENI-1.png&#8221; src_last_edited=&#8221;on|tablet&#8221; align_tablet=&#8221;left&#8221; align_phone=&#8221;left&#8221; align_last_edited=&#8221;on|tablet&#8221; _builder_version=&#8221;4.16.1&#8243; _module_preset=&#8221;default&#8221; max_height=&#8221;100px&#8221; custom_padding=&#8221;60px||||false|false&#8221; global_colors_info=&#8221;{}&#8221;][\/et_pb_image][\/et_pb_column][\/et_pb_row][\/et_pb_section][et_pb_section fb_built=&#8221;1&#8243; _builder_version=&#8221;4.16&#8243; min_height=&#8221;639px&#8221; global_colors_info=&#8221;{}&#8221;][et_pb_row column_structure=&#8221;1_2,1_2&#8243; make_equal=&#8221;on&#8221; module_class=&#8221; et_pb_row_fullwidth&#8221; _builder_version=&#8221;4.16&#8243; width=&#8221;89%&#8221; width_tablet=&#8221;80%&#8221; width_phone=&#8221;&#8221; width_last_edited=&#8221;on|desktop&#8221; max_width=&#8221;89%&#8221; max_width_tablet=&#8221;80%&#8221; max_width_phone=&#8221;&#8221; max_width_last_edited=&#8221;on|desktop&#8221; custom_margin=&#8221;|||&#8221; custom_css_main_element=&#8221;display: -webkit-box;||display: -moz-box;||display: -ms-flexbox;||display: -webkit-flex;||display: flex;||-webkit-flex-wrap: wrap; \/* Safari 6.1+ *\/||flex-wrap: wrap;&#8221; make_fullwidth=&#8221;on&#8221; global_colors_info=&#8221;{}&#8221;][et_pb_column type=&#8221;1_2&#8243; _builder_version=&#8221;4.16&#8243; custom_padding=&#8221;|||&#8221; custom_css_main_element=&#8221;||margin: auto;||-webkit-order: 2;||order: 2;&#8221; global_colors_info=&#8221;{}&#8221; custom_padding__hover=&#8221;|||&#8221;][et_pb_image src=&#8221;https:\/\/vertex.fi\/g4\/wp-content\/uploads\/sites\/4\/2024\/10\/suunnittelunautomatisointi-converter.gif&#8221; title_text=&#8221;suunnittelunautomatisointi-converter&#8221; _builder_version=&#8221;4.23.1&#8243; global_colors_info=&#8221;{}&#8221;][\/et_pb_image][et_pb_text _builder_version=&#8221;4.23.1&#8243; _module_preset=&#8221;default&#8221; custom_margin=&#8221;-33px||||false|false&#8221; global_colors_info=&#8221;{}&#8221;]<\/p>\n<p style=\"text-align: center;\">Voit hy\u00f6dynt\u00e4\u00e4 teko\u00e4ly\u00e4, kuten ChatGPT:t\u00e4 suunnitteluautomaattien luomisessa.<\/p>\n<p>[\/et_pb_text][\/et_pb_column][et_pb_column type=&#8221;1_2&#8243; _builder_version=&#8221;4.16&#8243; custom_padding=&#8221;|||&#8221; custom_css_main_element=&#8221;margin: auto;||-webkit-order: 1;||order: 1;&#8221; global_colors_info=&#8221;{}&#8221; custom_padding__hover=&#8221;|||&#8221;][et_pb_text _builder_version=&#8221;4.23.1&#8243; text_font=&#8221;||||||||&#8221; header_font=&#8221;||||||||&#8221; header_text_align=&#8221;left&#8221; custom_padding=&#8221;||7px|||&#8221; global_colors_info=&#8221;{}&#8221;]<\/p>\n<h3 style=\"text-align: left;\">Vakiona laajat suunnittelun automatisointiominaisuudet<\/h3>\n<p>Vertex G4 mekaniikkasuunnitteluohjelmisto tarjoaa laajat mahdollisuudet suunnitteluty\u00f6n automatisointiin. Voit tehd\u00e4 itse automatisointia monelta tasolta: yksinkertaisimmillaan hy\u00f6dynt\u00e4en pelkk\u00e4\u00e4 mittataulukkoa, mutta Vertexist\u00e4 l\u00f6ytyy ty\u00f6kalut my\u00f6s markkinoiden monipuolisimpaan automatisointity\u00f6h\u00f6n ja mallien variointiin Python-ohjelmointia hy\u00f6dynt\u00e4en.<\/p>\n<p>[\/et_pb_text][\/et_pb_column][\/et_pb_row][\/et_pb_section][et_pb_section fb_built=&#8221;1&#8243; _builder_version=&#8221;4.16&#8243; background_color=&#8221;#f9f9f9&#8243; global_colors_info=&#8221;{}&#8221;][et_pb_row column_structure=&#8221;1_2,1_2&#8243; make_equal=&#8221;on&#8221; module_class=&#8221; et_pb_row_fullwidth&#8221; _builder_version=&#8221;4.16&#8243; width=&#8221;89%&#8221; width_tablet=&#8221;80%&#8221; width_phone=&#8221;&#8221; width_last_edited=&#8221;on|desktop&#8221; max_width=&#8221;89%&#8221; max_width_tablet=&#8221;80%&#8221; max_width_phone=&#8221;&#8221; max_width_last_edited=&#8221;on|desktop&#8221; custom_margin=&#8221;|||&#8221; custom_css_main_element=&#8221;display: -webkit-box;||display: -moz-box;||display: -ms-flexbox;||display: -webkit-flex;||display: flex;||-webkit-flex-wrap: wrap; \/* Safari 6.1+ *\/||flex-wrap: wrap;&#8221; make_fullwidth=&#8221;on&#8221; global_colors_info=&#8221;{}&#8221;][et_pb_column type=&#8221;1_2&#8243; _builder_version=&#8221;4.16&#8243; custom_padding=&#8221;|||&#8221; custom_css_main_element=&#8221;||margin: auto;||-webkit-order: 2;||order: 2;&#8221; global_colors_info=&#8221;{}&#8221; custom_padding__hover=&#8221;|||&#8221;][et_pb_text _builder_version=&#8221;4.23.1&#8243; text_font=&#8221;||||||||&#8221; header_font=&#8221;||||||||&#8221; header_text_align=&#8221;left&#8221; custom_padding=&#8221;|||&#8221; global_colors_info=&#8221;{}&#8221;]<\/p>\n<h3>Hy\u00f6dynn\u00e4 teko\u00e4ly\u00e4 suunnittelun automatisoinnissa<\/h3>\n<p><span class=\"brClass\"><span>Omien suunnitteluautomaattien tekeminen on tehty k\u00e4ytt\u00e4jille mahdollisimman yksinkertaiseksi. Voit helposti hy\u00f6dynt\u00e4\u00e4 teko\u00e4lyn, kuten ChatGPT:n, apua suunnittelus\u00e4\u00e4nt\u00f6jen luomisessa, jopa ilman aiempaa ohjelmointiosaamista. Pienell\u00e4 perehtymisell\u00e4 p\u00e4\u00e4set helposti alkuun ja voit laatia yksinkertaisia suunnitteluautomaattitoimintoja ty\u00f6t\u00e4si nopeuttamaan.<\/span><\/span><\/p>\n<p>Automatisoimalla toistuvat prosessit vapautat aikaa luovaan ty\u00f6h\u00f6n ja ideointiin. Samalla v\u00e4henn\u00e4t inhimillisi\u00e4 virheit\u00e4, kun malli muuttuu vain valmiiksi luotujen s\u00e4\u00e4nt\u00f6jen mukaan.<\/p>\n<p><a href=\"https:\/\/youtu.be\/hd0uHRX8vXs\" target=\"_blank\" rel=\"noopener\">Katso 10 min. video aiheesta<\/a><\/p>\n<p>Lue lis\u00e4\u00e4:<br \/><a href=\"https:\/\/kbfi.vertex.fi\/g4\/automaattikomennot-mittataulukossa\" target=\"_blank\" rel=\"noopener noreferrer\">Automaattikomennot mittataulukossa<\/a><\/p>\n<p>[\/et_pb_text][\/et_pb_column][et_pb_column type=&#8221;1_2&#8243; _builder_version=&#8221;4.16&#8243; custom_padding=&#8221;|||&#8221; custom_css_main_element=&#8221;margin: auto;||-webkit-order: 1;||order: 1;&#8221; global_colors_info=&#8221;{}&#8221; custom_padding__hover=&#8221;|||&#8221;][et_pb_code _builder_version=&#8221;4.23.1&#8243; _module_preset=&#8221;default&#8221; global_colors_info=&#8221;{}&#8221;]<iframe loading=\"lazy\" width=\"560\" height=\"315\" src=\"https:\/\/www.youtube-nocookie.com\/embed\/hd0uHRX8vXs\" title=\"YouTube video player\" frameborder=\"0\" allow=\"accelerometer; autoplay; clipboard-write; encrypted-media; gyroscope; picture-in-picture; web-share\" allowfullscreen><\/iframe>[\/et_pb_code][\/et_pb_column][\/et_pb_row][\/et_pb_section][et_pb_section fb_built=&#8221;1&#8243; _builder_version=&#8221;4.16&#8243; global_colors_info=&#8221;{}&#8221;][et_pb_row column_structure=&#8221;1_2,1_2&#8243; make_equal=&#8221;on&#8221; module_class=&#8221; et_pb_row_fullwidth&#8221; _builder_version=&#8221;4.16&#8243; width=&#8221;89%&#8221; width_tablet=&#8221;80%&#8221; width_phone=&#8221;&#8221; width_last_edited=&#8221;on|desktop&#8221; max_width=&#8221;89%&#8221; max_width_tablet=&#8221;80%&#8221; max_width_phone=&#8221;&#8221; max_width_last_edited=&#8221;on|desktop&#8221; custom_margin=&#8221;|||&#8221; custom_css_main_element=&#8221;display: -webkit-box;||display: -moz-box;||display: -ms-flexbox;||display: -webkit-flex;||display: flex;||-webkit-flex-wrap: wrap; \/* Safari 6.1+ *\/||flex-wrap: wrap;&#8221; make_fullwidth=&#8221;on&#8221; global_colors_info=&#8221;{}&#8221;][et_pb_column type=&#8221;1_2&#8243; _builder_version=&#8221;4.16&#8243; custom_padding=&#8221;|||&#8221; custom_css_main_element=&#8221;||margin: auto;||-webkit-order: 2;||order: 2;&#8221; global_colors_info=&#8221;{}&#8221; custom_padding__hover=&#8221;|||&#8221;][et_pb_code _builder_version=&#8221;4.23.1&#8243; _module_preset=&#8221;default&#8221; global_colors_info=&#8221;{}&#8221;]<iframe loading=\"lazy\" width=\"560\" height=\"315\" src=\"https:\/\/www.youtube-nocookie.com\/embed\/w1BYT3uwmGs\" title=\"YouTube video player\" frameborder=\"0\" allow=\"accelerometer; autoplay; clipboard-write; encrypted-media; gyroscope; picture-in-picture; web-share\" allowfullscreen><\/iframe>[\/et_pb_code][\/et_pb_column][et_pb_column type=&#8221;1_2&#8243; _builder_version=&#8221;4.16&#8243; custom_padding=&#8221;|||&#8221; custom_css_main_element=&#8221;margin: auto;||-webkit-order: 1;||order: 1;&#8221; global_colors_info=&#8221;{}&#8221; custom_padding__hover=&#8221;|||&#8221;][et_pb_text _builder_version=&#8221;4.23.1&#8243; text_font=&#8221;||||||||&#8221; header_font=&#8221;||||||||&#8221; header_text_align=&#8221;left&#8221; custom_padding=&#8221;|||&#8221; global_colors_info=&#8221;{}&#8221;]<\/p>\n<h3><span>Lis\u00e4\u00e4 kilpailykyky\u00e4<\/span><\/h3>\n<p><span>Mittavarioituvista malleista suunnitteluautomaatteja tekem\u00e4ll\u00e4 asiakkaamme ovat pysyneet s\u00e4\u00e4st\u00e4m\u00e4\u00e4n huomattavasti suunnitteluaikaa ja v\u00e4hent\u00e4m\u00e4\u00e4n virheiden m\u00e4\u00e4r\u00e4\u00e4. Samalla myynnin tarjousprosessit ovat nopeutuneet ja muutostenhallinta yksinkertaistunut.\u00a0<\/span><\/p>\n<p><span>Katso:<br \/><a href=\"https:\/\/youtu.be\/xVQS_6mofz4?si=xzOtGnreII9vZn7K\" target=\"_blank\" rel=\"noopener noreferrer\">Miten High Metal Oy k\u00e4ytt\u00e4\u00e4 Vertexin Python-ominaisuuksia mittavarioituvissa malleissa?<\/a><\/span><\/p>\n<p>Kaipaatko apua tuotteesi suunnittelun automatisoinnissa? <a href=\"https:\/\/vertex.fi\/g4\/tuotekonfigurointi\/\" target=\"_blank\" rel=\"noopener\">Tutustu Vertexin konfigurointiratkaisuihin<\/a>.<\/p>\n<p style=\"text-align: left;\">[\/et_pb_text][\/et_pb_column][\/et_pb_row][\/et_pb_section][et_pb_section fb_built=&#8221;1&#8243; _builder_version=&#8221;4.16&#8243; background_color=&#8221;#f9f9f9&#8243; border_color_bottom=&#8221;#1379d3&#8243; global_colors_info=&#8221;{}&#8221;][et_pb_row column_structure=&#8221;1_5,3_5,1_5&#8243; _builder_version=&#8221;4.16&#8243; global_colors_info=&#8221;{}&#8221;][et_pb_column type=&#8221;1_5&#8243; _builder_version=&#8221;4.16&#8243; custom_padding=&#8221;|||&#8221; global_colors_info=&#8221;{}&#8221; custom_padding__hover=&#8221;|||&#8221;][\/et_pb_column][et_pb_column type=&#8221;3_5&#8243; _builder_version=&#8221;4.16&#8243; custom_padding=&#8221;|||&#8221; global_colors_info=&#8221;{}&#8221; custom_padding__hover=&#8221;|||&#8221;][et_pb_testimonial author=&#8221;Rami Aaltonen&#8221; company_name=&#8221;Kaukora Oy&#8221; portrait_url=&#8221;https:\/\/vertex.fi\/g4\/wp-content\/uploads\/sites\/4\/2020\/12\/kaukora_pyorea.png&#8221; quote_icon=&#8221;off&#8221; quote_icon_color=&#8221;#000000&#8243; portrait_width=&#8221;130px&#8221; portrait_height=&#8221;130px&#8221; _builder_version=&#8221;4.16&#8243; body_font=&#8221;||||||||&#8221; body_text_align=&#8221;center&#8221; body_text_color=&#8221;#000000&#8243; body_font_size=&#8221;16px&#8221; use_background_color=&#8221;off&#8221; link_option_url=&#8221;https:\/\/vertex.fi\/g4\/2021\/05\/06\/lammityslaitteiden-valmistaja-kaukora\/&#8221; link_option_url_new_window=&#8221;on&#8221; global_colors_info=&#8221;{}&#8221;]<\/p>\n<p><em>\u201cMeill\u00e4 s\u00e4\u00e4styy aikaa nyt laskennallisesti vuositasolla yli 200 ty\u00f6p\u00e4iv\u00e4\u00e4.\u201d<\/em><\/p>\n<p>[\/et_pb_testimonial][\/et_pb_column][et_pb_column type=&#8221;1_5&#8243; _builder_version=&#8221;4.16&#8243; custom_padding=&#8221;|||&#8221; global_colors_info=&#8221;{}&#8221; custom_padding__hover=&#8221;|||&#8221;][\/et_pb_column][\/et_pb_row][\/et_pb_section][et_pb_section fb_built=&#8221;1&#8243; fullwidth=&#8221;on&#8221; _builder_version=&#8221;4.23.1&#8243; _module_preset=&#8221;default&#8221; global_module=&#8221;11385&#8243; saved_tabs=&#8221;all&#8221; global_colors_info=&#8221;{}&#8221;][et_pb_fullwidth_code _builder_version=&#8221;4.23.1&#8243; _module_preset=&#8221;default&#8221; global_colors_info=&#8221;{}&#8221;]<ld-slot name=\"footer FI\" ><\/ld-slot>[\/et_pb_fullwidth_code][\/et_pb_section]<\/p>\n","protected":false},"excerpt":{"rendered":"<p>Automatisoi itse tuotteesi suunnitteluHy\u00f6dynn\u00e4 Vertexin vakio-ominaisuuksia tuotteesi suunnittelun automatisoimiseksi &nbsp;Voit hy\u00f6dynt\u00e4\u00e4 teko\u00e4ly\u00e4, kuten ChatGPT:t\u00e4 suunnitteluautomaattien luomisessa.Vakiona laajat suunnittelun automatisointiominaisuudet Vertex G4 mekaniikkasuunnitteluohjelmisto tarjoaa laajat mahdollisuudet suunnitteluty\u00f6n automatisointiin. Voit tehd\u00e4 itse automatisointia monelta tasolta: yksinkertaisimmillaan hy\u00f6dynt\u00e4en pelkk\u00e4\u00e4 mittataulukkoa, mutta Vertexist\u00e4 l\u00f6ytyy ty\u00f6kalut my\u00f6s markkinoiden monipuolisimpaan automatisointity\u00f6h\u00f6n ja mallien variointiin Python-ohjelmointia hy\u00f6dynt\u00e4en.Hy\u00f6dynn\u00e4 teko\u00e4ly\u00e4 suunnittelun automatisoinnissa Omien suunnitteluautomaattien [&hellip;]<\/p>\n","protected":false},"author":5,"featured_media":0,"parent":0,"menu_order":0,"comment_status":"closed","ping_status":"closed","template":"","meta":{"_et_pb_use_builder":"on","_et_pb_old_content":"","_et_gb_content_width":"","sfsi_plus_gutenberg_text_before_share":"","sfsi_plus_gutenberg_show_text_before_share":"","sfsi_plus_gutenberg_icon_type":"","sfsi_plus_gutenberg_icon_alignemt":"","sfsi_plus_gutenburg_max_per_row":""},"yoast_head":"<!-- This site is optimized with the Yoast SEO plugin v18.6 - https:\/\/yoast.com\/wordpress\/plugins\/seo\/ -->\n<title>Automatisoi itse tuotteesi suunnittelu - Vertex G4<\/title>\n<meta name=\"robots\" content=\"index, follow, max-snippet:-1, max-image-preview:large, max-video-preview:-1\" \/>\n<link rel=\"canonical\" href=\"https:\/\/vertex.fi\/g4\/automatisoi-itse-tuotteesi-suunnittelu\/\" \/>\n<meta property=\"og:locale\" content=\"en_US\" \/>\n<meta property=\"og:type\" content=\"article\" \/>\n<meta property=\"og:title\" content=\"Automatisoi itse tuotteesi suunnittelu - Vertex G4\" \/>\n<meta property=\"og:description\" content=\"Automatisoi itse tuotteesi suunnitteluHy\u00f6dynn\u00e4 Vertexin vakio-ominaisuuksia tuotteesi suunnittelun automatisoimiseksi &nbsp;Voit hy\u00f6dynt\u00e4\u00e4 teko\u00e4ly\u00e4, kuten ChatGPT:t\u00e4 suunnitteluautomaattien luomisessa.Vakiona laajat suunnittelun automatisointiominaisuudet Vertex G4 mekaniikkasuunnitteluohjelmisto tarjoaa laajat mahdollisuudet suunnitteluty\u00f6n automatisointiin. Voit tehd\u00e4 itse automatisointia monelta tasolta: yksinkertaisimmillaan hy\u00f6dynt\u00e4en pelkk\u00e4\u00e4 mittataulukkoa, mutta Vertexist\u00e4 l\u00f6ytyy ty\u00f6kalut my\u00f6s markkinoiden monipuolisimpaan automatisointity\u00f6h\u00f6n ja mallien variointiin Python-ohjelmointia hy\u00f6dynt\u00e4en.Hy\u00f6dynn\u00e4 teko\u00e4ly\u00e4 suunnittelun automatisoinnissa Omien suunnitteluautomaattien [&hellip;]\" \/>\n<meta property=\"og:url\" content=\"https:\/\/vertex.fi\/g4\/automatisoi-itse-tuotteesi-suunnittelu\/\" \/>\n<meta property=\"og:site_name\" content=\"Vertex G4\" \/>\n<meta property=\"article:modified_time\" content=\"2025-05-15T09:59:15+00:00\" \/>\n<meta name=\"twitter:card\" content=\"summary_large_image\" \/>\n<meta name=\"twitter:label1\" content=\"Est. reading time\" \/>\n\t<meta name=\"twitter:data1\" content=\"7 minutes\" \/>\n<script type=\"application\/ld+json\" class=\"yoast-schema-graph\">{\"@context\":\"https:\/\/schema.org\",\"@graph\":[{\"@type\":\"WebSite\",\"@id\":\"https:\/\/vertex.fi\/g4\/#website\",\"url\":\"https:\/\/vertex.fi\/g4\/\",\"name\":\"Vertex G4\",\"description\":\"Mekaniikkasuunnitteluohjelmisto\",\"potentialAction\":[{\"@type\":\"SearchAction\",\"target\":{\"@type\":\"EntryPoint\",\"urlTemplate\":\"https:\/\/vertex.fi\/g4\/?s={search_term_string}\"},\"query-input\":\"required name=search_term_string\"}],\"inLanguage\":\"en-US\"},{\"@type\":\"WebPage\",\"@id\":\"https:\/\/vertex.fi\/g4\/automatisoi-itse-tuotteesi-suunnittelu\/#webpage\",\"url\":\"https:\/\/vertex.fi\/g4\/automatisoi-itse-tuotteesi-suunnittelu\/\",\"name\":\"Automatisoi itse tuotteesi suunnittelu - Vertex G4\",\"isPartOf\":{\"@id\":\"https:\/\/vertex.fi\/g4\/#website\"},\"datePublished\":\"2024-02-09T11:28:10+00:00\",\"dateModified\":\"2025-05-15T09:59:15+00:00\",\"breadcrumb\":{\"@id\":\"https:\/\/vertex.fi\/g4\/automatisoi-itse-tuotteesi-suunnittelu\/#breadcrumb\"},\"inLanguage\":\"en-US\",\"potentialAction\":[{\"@type\":\"ReadAction\",\"target\":[\"https:\/\/vertex.fi\/g4\/automatisoi-itse-tuotteesi-suunnittelu\/\"]}]},{\"@type\":\"BreadcrumbList\",\"@id\":\"https:\/\/vertex.fi\/g4\/automatisoi-itse-tuotteesi-suunnittelu\/#breadcrumb\",\"itemListElement\":[{\"@type\":\"ListItem\",\"position\":1,\"name\":\"Home\",\"item\":\"https:\/\/vertex.fi\/g4\/\"},{\"@type\":\"ListItem\",\"position\":2,\"name\":\"Automatisoi itse tuotteesi suunnittelu\"}]}]}<\/script>\n<!-- \/ Yoast SEO plugin. -->","yoast_head_json":{"title":"Automatisoi itse tuotteesi suunnittelu - Vertex G4","robots":{"index":"index","follow":"follow","max-snippet":"max-snippet:-1","max-image-preview":"max-image-preview:large","max-video-preview":"max-video-preview:-1"},"canonical":"https:\/\/vertex.fi\/g4\/automatisoi-itse-tuotteesi-suunnittelu\/","og_locale":"en_US","og_type":"article","og_title":"Automatisoi itse tuotteesi suunnittelu - Vertex G4","og_description":"Automatisoi itse tuotteesi suunnitteluHy\u00f6dynn\u00e4 Vertexin vakio-ominaisuuksia tuotteesi suunnittelun automatisoimiseksi &nbsp;Voit hy\u00f6dynt\u00e4\u00e4 teko\u00e4ly\u00e4, kuten ChatGPT:t\u00e4 suunnitteluautomaattien luomisessa.Vakiona laajat suunnittelun automatisointiominaisuudet Vertex G4 mekaniikkasuunnitteluohjelmisto tarjoaa laajat mahdollisuudet suunnitteluty\u00f6n automatisointiin. Voit tehd\u00e4 itse automatisointia monelta tasolta: yksinkertaisimmillaan hy\u00f6dynt\u00e4en pelkk\u00e4\u00e4 mittataulukkoa, mutta Vertexist\u00e4 l\u00f6ytyy ty\u00f6kalut my\u00f6s markkinoiden monipuolisimpaan automatisointity\u00f6h\u00f6n ja mallien variointiin Python-ohjelmointia hy\u00f6dynt\u00e4en.Hy\u00f6dynn\u00e4 teko\u00e4ly\u00e4 suunnittelun automatisoinnissa Omien suunnitteluautomaattien [&hellip;]","og_url":"https:\/\/vertex.fi\/g4\/automatisoi-itse-tuotteesi-suunnittelu\/","og_site_name":"Vertex G4","article_modified_time":"2025-05-15T09:59:15+00:00","twitter_card":"summary_large_image","twitter_misc":{"Est. reading time":"7 minutes"},"schema":{"@context":"https:\/\/schema.org","@graph":[{"@type":"WebSite","@id":"https:\/\/vertex.fi\/g4\/#website","url":"https:\/\/vertex.fi\/g4\/","name":"Vertex G4","description":"Mekaniikkasuunnitteluohjelmisto","potentialAction":[{"@type":"SearchAction","target":{"@type":"EntryPoint","urlTemplate":"https:\/\/vertex.fi\/g4\/?s={search_term_string}"},"query-input":"required name=search_term_string"}],"inLanguage":"en-US"},{"@type":"WebPage","@id":"https:\/\/vertex.fi\/g4\/automatisoi-itse-tuotteesi-suunnittelu\/#webpage","url":"https:\/\/vertex.fi\/g4\/automatisoi-itse-tuotteesi-suunnittelu\/","name":"Automatisoi itse tuotteesi suunnittelu - Vertex G4","isPartOf":{"@id":"https:\/\/vertex.fi\/g4\/#website"},"datePublished":"2024-02-09T11:28:10+00:00","dateModified":"2025-05-15T09:59:15+00:00","breadcrumb":{"@id":"https:\/\/vertex.fi\/g4\/automatisoi-itse-tuotteesi-suunnittelu\/#breadcrumb"},"inLanguage":"en-US","potentialAction":[{"@type":"ReadAction","target":["https:\/\/vertex.fi\/g4\/automatisoi-itse-tuotteesi-suunnittelu\/"]}]},{"@type":"BreadcrumbList","@id":"https:\/\/vertex.fi\/g4\/automatisoi-itse-tuotteesi-suunnittelu\/#breadcrumb","itemListElement":[{"@type":"ListItem","position":1,"name":"Home","item":"https:\/\/vertex.fi\/g4\/"},{"@type":"ListItem","position":2,"name":"Automatisoi itse tuotteesi suunnittelu"}]}]}},"_links":{"self":[{"href":"https:\/\/vertex.fi\/g4\/wp-json\/wp\/v2\/pages\/11410"}],"collection":[{"href":"https:\/\/vertex.fi\/g4\/wp-json\/wp\/v2\/pages"}],"about":[{"href":"https:\/\/vertex.fi\/g4\/wp-json\/wp\/v2\/types\/page"}],"author":[{"embeddable":true,"href":"https:\/\/vertex.fi\/g4\/wp-json\/wp\/v2\/users\/5"}],"replies":[{"embeddable":true,"href":"https:\/\/vertex.fi\/g4\/wp-json\/wp\/v2\/comments?post=11410"}],"version-history":[{"count":34,"href":"https:\/\/vertex.fi\/g4\/wp-json\/wp\/v2\/pages\/11410\/revisions"}],"predecessor-version":[{"id":11997,"href":"https:\/\/vertex.fi\/g4\/wp-json\/wp\/v2\/pages\/11410\/revisions\/11997"}],"wp:attachment":[{"href":"https:\/\/vertex.fi\/g4\/wp-json\/wp\/v2\/media?parent=11410"}],"curies":[{"name":"wp","href":"https:\/\/api.w.org\/{rel}","templated":true}]}}